{"id":186,"date":"2026-01-15T11:30:37","date_gmt":"2026-01-15T11:30:37","guid":{"rendered":"https:\/\/canakkalebaymakyetkiliservis.com\/?page_id=186"},"modified":"2026-01-15T11:31:29","modified_gmt":"2026-01-15T11:31:29","slug":"kvkk","status":"publish","type":"page","link":"https:\/\/canakkalebaymakyetkiliservis.com\/index.php\/kvkk\/","title":{"rendered":"KVKK"},"content":{"rendered":"<style>.elementor-186 .elementor-element.elementor-element-b1f4711{--display:flex;--flex-direction:column;--container-widget-width:100%;--container-widget-height:initial;--container-widget-flex-grow:0;--container-widget-align-self:initial;--flex-wrap-mobile:wrap;}<\/style>\t\t<div data-elementor-type=\"wp-page\" data-elementor-id=\"186\" class=\"elementor elementor-186\" data-elementor-post-type=\"page\">\n\t\t\t\t<div class=\"elementor-element elementor-element-b1f4711 e-flex e-con-boxed e-con e-parent\" data-id=\"b1f4711\" data-element_type=\"container\">\n\t\t\t\t\t<div class=\"e-con-inner\">\n\t\t\t\t<div class=\"elementor-element elementor-element-5107d16 elementor-widget elementor-widget-text-editor\" data-id=\"5107d16\" data-element_type=\"widget\" data-widget_type=\"text-editor.default\">\n\t\t\t\t\t\t\t\t\t<h2 data-start=\"386\" data-end=\"455\">K\u0130\u015e\u0130SEL VER\u0130LER\u0130N KORUNMASI VE \u0130\u015eLENMES\u0130 HAKKINDA AYDINLATMA METN\u0130<\/h2><p data-start=\"457\" data-end=\"849\"><strong data-start=\"457\" data-end=\"471\">Ko\u00e7 Teknik<\/strong> (\u201cVeri Sorumlusu\u201d) olarak, 6698 say\u0131l\u0131 <strong data-start=\"511\" data-end=\"549\">Ki\u015fisel Verilerin Korunmas\u0131 Kanunu<\/strong> (\u201cKVKK\u201d) uyar\u0131nca; ki\u015fisel verilerinizin g\u00fcvenli\u011fine azami hassasiyet g\u00f6stermekteyiz. Bu metin, <strong data-start=\"646\" data-end=\"682\">canakkalebaymakyetkiliservis.com<\/strong> internet sitesi \u00fczerinden veya di\u011fer ileti\u015fim kanallar\u0131 arac\u0131l\u0131\u011f\u0131yla elde edilen ki\u015fisel verilerin i\u015flenmesine ili\u015fkin sizleri bilgilendirmek amac\u0131yla haz\u0131rlanm\u0131\u015ft\u0131r.<\/p><hr data-start=\"851\" data-end=\"854\" \/><h3 data-start=\"856\" data-end=\"886\">1. \u0130\u015flenen Ki\u015fisel Veriler<\/h3><p data-start=\"887\" data-end=\"943\">Taraf\u0131m\u0131zca a\u015fa\u011f\u0131daki ki\u015fisel veriler i\u015flenebilmektedir:<\/p><ul data-start=\"945\" data-end=\"1150\"><li data-start=\"945\" data-end=\"958\"><p data-start=\"947\" data-end=\"958\">Ad, soyad<\/p><\/li><li data-start=\"959\" data-end=\"979\"><p data-start=\"961\" data-end=\"979\">Telefon numaras\u0131<\/p><\/li><li data-start=\"980\" data-end=\"998\"><p data-start=\"982\" data-end=\"998\">E-posta adresi<\/p><\/li><li data-start=\"999\" data-end=\"1016\"><p data-start=\"1001\" data-end=\"1016\">Adres bilgisi<\/p><\/li><li data-start=\"1017\" data-end=\"1053\"><p data-start=\"1019\" data-end=\"1053\">Servis talebi ve ar\u0131za bilgileri<\/p><\/li><li data-start=\"1054\" data-end=\"1092\"><p data-start=\"1056\" data-end=\"1092\">IP adresi, site kullan\u0131m bilgileri<\/p><\/li><li data-start=\"1093\" data-end=\"1150\"><p data-start=\"1095\" data-end=\"1150\">\u0130leti\u015fim kay\u0131tlar\u0131 (\u00e7a\u011fr\u0131, mesaj, WhatsApp yaz\u0131\u015fmalar\u0131)<\/p><\/li><\/ul><hr data-start=\"1152\" data-end=\"1155\" \/><h3 data-start=\"1157\" data-end=\"1198\">2. Ki\u015fisel Verilerin \u0130\u015flenme Ama\u00e7lar\u0131<\/h3><p data-start=\"1199\" data-end=\"1253\">Ki\u015fisel verileriniz a\u015fa\u011f\u0131daki ama\u00e7larla i\u015flenmektedir:<\/p><ul data-start=\"1255\" data-end=\"1602\"><li data-start=\"1255\" data-end=\"1301\"><p data-start=\"1257\" data-end=\"1301\">Servis talebi olu\u015fturulmas\u0131 ve y\u00f6netilmesi<\/p><\/li><li data-start=\"1302\" data-end=\"1364\"><p data-start=\"1304\" data-end=\"1364\">Baymak \u00fcr\u00fcnleri i\u00e7in teknik servis hizmetlerinin sunulmas\u0131<\/p><\/li><li data-start=\"1365\" data-end=\"1400\"><p data-start=\"1367\" data-end=\"1400\">M\u00fc\u015fteri ileti\u015fiminin sa\u011flanmas\u0131<\/p><\/li><li data-start=\"1401\" data-end=\"1458\"><p data-start=\"1403\" data-end=\"1458\">Ar\u0131za kayd\u0131, bak\u0131m ve onar\u0131m s\u00fcre\u00e7lerinin y\u00fcr\u00fct\u00fclmesi<\/p><\/li><li data-start=\"1459\" data-end=\"1523\"><p data-start=\"1461\" data-end=\"1523\">Fatura, muhasebe ve yasal y\u00fck\u00fcml\u00fcl\u00fcklerin yerine getirilmesi<\/p><\/li><li data-start=\"1524\" data-end=\"1558\"><p data-start=\"1526\" data-end=\"1558\">Hizmet kalitesinin art\u0131r\u0131lmas\u0131<\/p><\/li><li data-start=\"1559\" data-end=\"1602\"><p data-start=\"1561\" data-end=\"1602\">Hukuki y\u00fck\u00fcml\u00fcl\u00fcklerin yerine getirilmesi<\/p><\/li><\/ul><hr data-start=\"1604\" data-end=\"1607\" \/><h3 data-start=\"1609\" data-end=\"1667\">3. Ki\u015fisel Verilerin Toplanma Y\u00f6ntemi ve Hukuki Sebebi<\/h3><p data-start=\"1668\" data-end=\"1688\">Ki\u015fisel verileriniz;<\/p><ul data-start=\"1690\" data-end=\"1846\"><li data-start=\"1690\" data-end=\"1733\"><p data-start=\"1692\" data-end=\"1733\">Web sitesi \u00fczerindeki ileti\u015fim formlar\u0131<\/p><\/li><li data-start=\"1734\" data-end=\"1757\"><p data-start=\"1736\" data-end=\"1757\">Telefon g\u00f6r\u00fc\u015fmeleri<\/p><\/li><li data-start=\"1758\" data-end=\"1793\"><p data-start=\"1760\" data-end=\"1793\">WhatsApp ve e-posta yaz\u0131\u015fmalar\u0131<\/p><\/li><li data-start=\"1794\" data-end=\"1816\"><p data-start=\"1796\" data-end=\"1816\">\u00c7erezler (cookies)<\/p><\/li><li data-start=\"1817\" data-end=\"1846\"><p data-start=\"1819\" data-end=\"1846\">Fiziksel servis kay\u0131tlar\u0131<\/p><\/li><\/ul><p data-start=\"1848\" data-end=\"1904\">arac\u0131l\u0131\u011f\u0131yla <strong data-start=\"1861\" data-end=\"1892\">KVKK\u2019n\u0131n 5. ve 6. maddeleri<\/strong> uyar\u0131nca;<\/p><ul data-start=\"1905\" data-end=\"2026\"><li data-start=\"1905\" data-end=\"1945\"><p data-start=\"1907\" data-end=\"1945\">Bir s\u00f6zle\u015fmenin kurulmas\u0131 veya ifas\u0131<\/p><\/li><li data-start=\"1946\" data-end=\"1991\"><p data-start=\"1948\" data-end=\"1991\">Hukuki y\u00fck\u00fcml\u00fcl\u00fcklerin yerine getirilmesi<\/p><\/li><li data-start=\"1992\" data-end=\"2012\"><p data-start=\"1994\" data-end=\"2012\">Me\u015fru menfaatler<\/p><\/li><li data-start=\"2013\" data-end=\"2026\"><p data-start=\"2015\" data-end=\"2026\">A\u00e7\u0131k r\u0131za<\/p><\/li><\/ul><p data-start=\"2028\" data-end=\"2088\">hukuki sebeplerine dayan\u0131larak toplanmakta ve i\u015flenmektedir.<\/p><hr data-start=\"2090\" data-end=\"2093\" \/><h3 data-start=\"2095\" data-end=\"2131\">4. Ki\u015fisel Verilerin Aktar\u0131lmas\u0131<\/h3><p data-start=\"2132\" data-end=\"2152\">Ki\u015fisel verileriniz;<\/p><ul data-start=\"2154\" data-end=\"2362\"><li data-start=\"2154\" data-end=\"2217\"><p data-start=\"2156\" data-end=\"2217\">Yetkili Baymak servis s\u00fcre\u00e7leri kapsam\u0131nda ilgili firmalara<\/p><\/li><li data-start=\"2218\" data-end=\"2291\"><p data-start=\"2220\" data-end=\"2291\">Muhasebe, finans ve hukuki dan\u0131\u015fmanl\u0131k hizmeti al\u0131nan \u00fc\u00e7\u00fcnc\u00fc ki\u015filere<\/p><\/li><li data-start=\"2292\" data-end=\"2362\"><p data-start=\"2294\" data-end=\"2362\">Yasal y\u00fck\u00fcml\u00fcl\u00fckler kapsam\u0131nda yetkili kamu kurum ve kurulu\u015flar\u0131na<\/p><\/li><\/ul><p data-start=\"2364\" data-end=\"2439\">KVKK\u2019ya uygun \u015fekilde ve gerekli g\u00fcvenlik \u00f6nlemleri al\u0131narak aktar\u0131labilir.<\/p><hr data-start=\"2441\" data-end=\"2444\" \/><h3 data-start=\"2446\" data-end=\"2486\">5. Ki\u015fisel Verilerin Saklanma S\u00fcresi<\/h3><p data-start=\"2487\" data-end=\"2674\">Ki\u015fisel verileriniz, ilgili mevzuatta \u00f6ng\u00f6r\u00fclen s\u00fcreler boyunca veya i\u015fleme amac\u0131n\u0131n gerektirdi\u011fi s\u00fcre kadar saklan\u0131r. S\u00fcre sonunda veriler silinir, yok edilir veya anonim hale getirilir.<\/p><hr data-start=\"2676\" data-end=\"2679\" \/><h3 data-start=\"2681\" data-end=\"2716\">6. KVKK Kapsam\u0131ndaki Haklar\u0131n\u0131z<\/h3><p data-start=\"2717\" data-end=\"2769\">KVKK\u2019n\u0131n 11. maddesi uyar\u0131nca veri sahipleri olarak;<\/p><ul data-start=\"2771\" data-end=\"3424\"><li data-start=\"2771\" data-end=\"2826\"><p data-start=\"2773\" data-end=\"2826\">Ki\u015fisel verilerinizin i\u015flenip i\u015flenmedi\u011fini \u00f6\u011frenme<\/p><\/li><li data-start=\"2827\" data-end=\"2871\"><p data-start=\"2829\" data-end=\"2871\">\u0130\u015flenmi\u015fse buna ili\u015fkin bilgi talep etme<\/p><\/li><li data-start=\"2872\" data-end=\"2944\"><p data-start=\"2874\" data-end=\"2944\">\u0130\u015flenme amac\u0131n\u0131 ve amac\u0131na uygun kullan\u0131l\u0131p kullan\u0131lmad\u0131\u011f\u0131n\u0131 \u00f6\u011frenme<\/p><\/li><li data-start=\"2945\" data-end=\"3012\"><p data-start=\"2947\" data-end=\"3012\">Yurt i\u00e7inde veya yurt d\u0131\u015f\u0131nda aktar\u0131ld\u0131\u011f\u0131 \u00fc\u00e7\u00fcnc\u00fc ki\u015fileri bilme<\/p><\/li><li data-start=\"3013\" data-end=\"3067\"><p data-start=\"3015\" data-end=\"3067\">Eksik veya yanl\u0131\u015f i\u015flenmi\u015fse d\u00fczeltilmesini isteme<\/p><\/li><li data-start=\"3068\" data-end=\"3131\"><p data-start=\"3070\" data-end=\"3131\">KVKK\u2019ya uygun olarak silinmesini veya yok edilmesini isteme<\/p><\/li><li data-start=\"3132\" data-end=\"3196\"><p data-start=\"3134\" data-end=\"3196\">\u0130\u015flemlerin aktar\u0131ld\u0131\u011f\u0131 \u00fc\u00e7\u00fcnc\u00fc ki\u015filere bildirilmesini isteme<\/p><\/li><li data-start=\"3197\" data-end=\"3323\"><p data-start=\"3199\" data-end=\"3323\">\u0130\u015flenen verilerin m\u00fcnhas\u0131ran otomatik sistemler ile analiz edilmesi sonucu aleyhe bir sonucun ortaya \u00e7\u0131kmas\u0131na itiraz etme<\/p><\/li><li data-start=\"3324\" data-end=\"3424\"><p data-start=\"3326\" data-end=\"3424\">Kanuna ayk\u0131r\u0131 veri i\u015flenmesi nedeniyle zarara u\u011franmas\u0131 h\u00e2linde zarar\u0131n giderilmesini talep etme<\/p><\/li><\/ul><p data-start=\"3426\" data-end=\"3447\">haklar\u0131na sahipsiniz.<\/p><hr data-start=\"3449\" data-end=\"3452\" \/><h3 data-start=\"3454\" data-end=\"3476\">7. Ba\u015fvuru Y\u00f6ntemi<\/h3><p data-start=\"3477\" data-end=\"3509\">KVKK kapsam\u0131ndaki taleplerinizi;<\/p><ul data-start=\"3511\" data-end=\"3617\"><li data-start=\"3511\" data-end=\"3528\"><p data-start=\"3513\" data-end=\"3528\">Yaz\u0131l\u0131 olarak<\/p><\/li><li data-start=\"3529\" data-end=\"3584\"><p data-start=\"3531\" data-end=\"3584\">Web sitemizde yer alan ileti\u015fim kanallar\u0131 \u00fczerinden<\/p><\/li><li data-start=\"3585\" data-end=\"3617\"><p data-start=\"3587\" data-end=\"3617\">E-posta veya telefon yoluyla<\/p><\/li><\/ul><p data-start=\"3619\" data-end=\"3743\"><strong data-start=\"3619\" data-end=\"3633\">Ko\u00e7 Teknik<\/strong>\u2019e iletebilirsiniz. Talepleriniz, mevzuatta \u00f6ng\u00f6r\u00fclen s\u00fcreler i\u00e7erisinde \u00fccretsiz olarak sonu\u00e7land\u0131r\u0131lacakt\u0131r.<\/p>\t\t\t\t\t\t\t\t<\/div>\n\t\t\t\t\t<\/div>\n\t\t\t\t<\/div>\n\t\t\t\t<\/div>\n\t\t","protected":false},"excerpt":{"rendered":"<p>K\u0130\u015e\u0130SEL VER\u0130LER\u0130N KORUNMASI VE \u0130\u015eLENMES\u0130 HAKKINDA AYDINLATMA METN\u0130 Ko\u00e7 Teknik (\u201cVeri Sorumlusu\u201d) olarak, 6698 say\u0131l\u0131 Ki\u015fisel Verilerin Korunmas\u0131 Kanunu (\u201cKVKK\u201d) uyar\u0131nca; ki\u015fisel verilerinizin g\u00fcvenli\u011fine azami hassasiyet g\u00f6stermekteyiz. Bu metin, canakkalebaymakyetkiliservis.com internet sitesi \u00fczerinden veya di\u011fer ileti\u015fim kanallar\u0131 arac\u0131l\u0131\u011f\u0131yla elde edilen ki\u015fisel verilerin i\u015flenmesine ili\u015fkin sizleri bilgilendirmek amac\u0131yla haz\u0131rlanm\u0131\u015ft\u0131r. 1. \u0130\u015flenen Ki\u015fisel Veriler Taraf\u0131m\u0131zca a\u015fa\u011f\u0131daki ki\u015fisel &hellip; <\/p>\n<p class=\"link-more\"><a href=\"https:\/\/canakkalebaymakyetkiliservis.com\/index.php\/kvkk\/\" class=\"more-link\">Okumaya devam et<span class=\"screen-reader-text\"> &#8220;KVKK&#8221;<\/span><\/a><\/p>\n","protected":false},"author":1,"featured_media":0,"parent":0,"menu_order":0,"comment_status":"closed","ping_status":"closed","template":"elementor_header_footer","meta":{"om_disable_all_campaigns":false,"_monsterinsights_skip_tracking":false,"_monsterinsights_sitenote_active":false,"_monsterinsights_sitenote_note":"","_monsterinsights_sitenote_category":0,"_joinchat":[],"footnotes":""},"class_list":["post-186","page","type-page","status-publish","hentry","entry"],"aioseo_notices":[],"_links":{"self":[{"href":"https:\/\/canakkalebaymakyetkiliservis.com\/index.php\/wp-json\/wp\/v2\/pages\/186","targetHints":{"allow":["GET"]}}],"collection":[{"href":"https:\/\/canakkalebaymakyetkiliservis.com\/index.php\/wp-json\/wp\/v2\/pages"}],"about":[{"href":"https:\/\/canakkalebaymakyetkiliservis.com\/index.php\/wp-json\/wp\/v2\/types\/page"}],"author":[{"embeddable":true,"href":"https:\/\/canakkalebaymakyetkiliservis.com\/index.php\/wp-json\/wp\/v2\/users\/1"}],"replies":[{"embeddable":true,"href":"https:\/\/canakkalebaymakyetkiliservis.com\/index.php\/wp-json\/wp\/v2\/comments?post=186"}],"version-history":[{"count":4,"href":"https:\/\/canakkalebaymakyetkiliservis.com\/index.php\/wp-json\/wp\/v2\/pages\/186\/revisions"}],"predecessor-version":[{"id":190,"href":"https:\/\/canakkalebaymakyetkiliservis.com\/index.php\/wp-json\/wp\/v2\/pages\/186\/revisions\/190"}],"wp:attachment":[{"href":"https:\/\/canakkalebaymakyetkiliservis.com\/index.php\/wp-json\/wp\/v2\/media?parent=186"}],"curies":[{"name":"wp","href":"https:\/\/api.w.org\/{rel}","templated":true}]}}